Let z(p) = -3*p + 30. Let j be z(10). Suppose 21 = -j*h + 3*h. Suppose -4*v - 2*r + 22 = -0*r, v + 2*r - h = 0. Calculate the greatest common factor of 1 and v.
1
Let f(l) be the second derivative of 31*l + 0*l**3 + 1/3*l**4 + 0 + 1/2*l**2. Let m be f(-1). What is the highest common divisor of m and 35?
5
Let k = 4917 + -4806. Let s be (-668)/(-9) - (-8)/(-36). What is the highest common divisor of s and k?
37
Let j = 17991 - 17955. Let o(q) = 86*q**3 - 2*q. Let t be o(2). Calculate the greatest common factor of j and t.
36
Let t = -646 + 646. Suppose 3*n - 5*y - 452 = t, -n + 162 = -0*y + 4*y. Calculate the greatest common divisor of n and 231.
77
Let s(g) = 55*g**2 + 15*g - 33. Let m be s(2). Calculate the highest common factor of 63 and m.
7
Let f be ((-4)/(-9))/((-6)/(-27)). Suppose -f*i = -0*i + 70. Let y = 77 + i. Calculate the greatest common factor of y and 6.
6
Let i = 205 - 203. Suppose -2 = i*v, b - 3*v + 0*v - 135 = 0. What is the highest common factor of b and 88?
44
Suppose 0 = -56*u - 113*u + 64896. Let m be (6/(-7))/((-1)/28). What is the greatest common divisor of u and m?
24
Let q be (-3 - -4)/((-2)/(-174)). Let r = 15724 - 15721. What is the greatest common divisor of r and q?
3
Let k = 5 - 1. Suppose 4*f - 614 = c, -k*c - 3 + 11 = 0. Calculate the highest common divisor of 14 and f.
14
Suppose -d = 5*b - 876, 4*b + 2*d + 986 = 1682. Calculate the greatest common factor of 1364 and b.
44
Let p be 0 - 6/(-24) - 550/(-8). Let d = 9 - -42. Let s = p - d. Calculate the highest common divisor of 18 and s.
18
Let h(a) = -2*a + 14. Let w be 2 + 0/4 - -3. Let d be h(w). Suppose d*y + 692 = 5*q, 4*q = -5*y + 299 + 271. What is the highest common factor of 20 and q?
20
Let u be (-3 - (-4 - -19)/(-5)) + 0. Suppose u = -3*s + 5*b + 47 - 2, -2*s + 30 = 3*b. What is the highest common divisor of 12 and s?
3
Suppose 368 + 4934 = 5*w - 14*p, 4*w + 2*p = 4268. What is the highest common factor of w and 246?
82
Let j = -478 + 520. Let a be (-12)/j + 149/7. What is the greatest common divisor of 35 and a?
7
Let i(w) = -21*w - 265. Let a be i(-17). Let l be (18/15)/(2/115). What is the greatest common divisor of a and l?
23
Suppose -4*q = 85 - 489. Suppose 0 = -4*y - q + 465. What is the greatest common divisor of y and 39?
13
Suppose 21*g - 231 = 105. Let r(j) = -13*j + 232. Let t be r(g). Calculate the greatest common divisor of 5 and t.
1
Let o = -1429 + 2263. Let a = o + -478. What is the highest common divisor of a and 267?
89
Let r be -5 + (-152)/(-32) + (-10402)/(-8). What is the greatest common factor of 156 and r?
52
Let q be ((12/8 - 4)*254)/(20/(-12)). Calculate the highest common factor of q and 1651.
127
Let x = -66 - -74. Suppose -x*h + 13*h = -300. Let p be 51/5 - (-3)/h*4. What is the highest common factor of p and 50?
10
Let r be (1 - -2)/(14/(-20) + 1). Let b = 20 - 22. Let z be (-12 - b)/((-1)/5). What is the highest common divisor of r and z?
10
Let o = 78 - 74. Let n be (14 - -34)/(1/o). Let p = 94 + n. Calculate the highest common divisor of 26 and p.
26
Let i = -16995 - -17027. Calculate the highest common factor of 1024 and i.
32
Let b be 143/(-1 + (-4)/(-3)). Let r = 552 - 512. Let c be (7 - 304/r)*(0 - 65). What is the highest common divisor of b and c?
39
Suppose 5*d + 50*t - 53*t = -2467, -4*t = -5*d - 2471. Let b = d - -603. Let w be (16/6)/(2/21). Calculate the highest common factor of b and w.
28
Let c(x) = 3*x + 18. Let o be c(19). Suppose o = 5*i + 5*g, -3*i + g = -79 + 18. Calculate the highest common factor of i and 133.
19
Let t(c) = c**2 - 17*c + 93. Let i be t(9). Suppose 0 = -3*l - v - v + 319, 204 = 2*l - 3*v. What is the highest common divisor of l and i?
21
Suppose 147 = -3*l + 144, 4*l + 53 = x. Let a = -25 - -88. Calculate the greatest common factor of a and x.
7
Suppose 151*u - 476 = 149*u + 7*m, -24 = 4*m. What is the greatest common divisor of 93 and u?
31
Suppose -32544 = -101*q + 18360. What is the greatest common divisor of q and 1176?
168
Suppose 0 = 60*l - 38*l - 402512. Calculate the greatest common factor of l and 8.
8
Let i be 445/7 + 24/56. Let p be (3 + (-245)/(-25))/(8/60). Suppose p = 2*o - 3*v, 3*o + o - 3*v - 192 = 0. What is the highest common factor of o and i?
16
Let t be (-190)/(-35) + (-12)/28. Suppose 5*k = -4*j + 655, -t*j - 4*k + 812 = -0*j. Calculate the highest common divisor of 32 and j.
32
Suppose -53*x + 58*x - 2*f = 540, x + 4*f - 108 = 0. What is the highest common factor of 1104 and x?
12
Suppose -5*u - m + 2464 = 0, -4*u + 9*u - 2456 = m. Suppose q + 0*q = -2*v + 18, 0 = -4*q - 5*v + 63. Calculate the greatest common factor of u and q.
12
Suppose 4*n + 8*n - 360 = 0. Let i be (10 + -9)/((-2)/(-60)). Calculate the highest common divisor of n and i.
30
Let p(c) = 12*c**2 - 85*c - 663. Let r be p(-15). Calculate the highest common factor of r and 460.
92
Let j(z) = 4*z - 80. Let q be j(20). Let l be q + 37 - (-3 - 2). What is the highest common divisor of l and 14?
14
Let w = -85 + 83. Let u be (-20)/(-8)*w + 2 - -28. Let h = -143 - -418. Calculate the greatest common divisor of h and u.
25
Let t be (22/33 + -1)/((-2)/252). What is the greatest common divisor of 21378 and t?
42
Let o be (1 + 0)/(5/15). Let p be (-279)/(-3) - (0 - o). What is the highest common divisor of 24 and p?
24
Suppose 5*d = -5, -5*d - 7 = n - 0. Let i be 0 - 3*20/n. What is the greatest common divisor of i and 25?
5
Let d = 31 - -19. Suppose y + d = 6*y. Let l be (-18936)/(-60) + (-6)/y. What is the greatest common factor of 35 and l?
35
Let d(o) = -18*o + 549. Let p be d(-52). What is the highest common factor of 198 and p?
99
Let t(v) = 18*v + 9*v - v**3 - 39 - 26*v**2 + 52 + 0*v. Let d be t(-27). Calculate the greatest common factor of 559 and d.
13
Suppose 38072 = 66*g - 10768. Calculate the greatest common factor of g and 40.
20
Let m(d) = 2*d**2 - 83*d + 375. Let h be m(4). Calculate the highest common factor of h and 17725.
25
Let r be (-6)/(-24) + (-19)/(-4). Suppose 133 = 5*d + 3*t, t + r = d - 20. Let o = 27 - d. What is the greatest common divisor of o and 5?
1
Let v = -2575 - -11203. Let i be v/28 + 12/(-84). Calculate the greatest common factor of i and 84.
28
Suppose -3*w - 4*p + 7 - 4 = 0, -4*w - 2*p = -14. Suppose -q + 0*o + o = 2, 4*o = w*q + 6. Calculate the greatest common divisor of 346 and q.
2
Let f(t) = -3*t**2 - 16*t - 6. Let g be f(-6). Let v be (-6)/(-4)*24/(-108)*g. Suppose 0 = y - v*y + 50. What is the highest common factor of y and 50?
10
Let p(h) = h + 24. Let v be p(-22). Suppose v*s + 4*b = 96, -5*s + 10*s - 3*b = 175. Suppose -14*m - 2926 = -21*m. What is the highest common factor of m and s?
38
Let x(a) = 3*a**2 - 77*a + 440. Let q be x(20). Suppose 3*v = 2*v + 20. What is the highest common divisor of q and v?
20
Suppose 0 = -368*u - 61*u + 1287. Let s = 7 + 32. What is the greatest common factor of s and u?
3
Suppose -3*o - 4*d = -9 - 10, 0 = 5*o - 2*d + 3. Suppose -2*k + 3*k = 3*b + 17, 2*b - 17 = -5*k. Let y = 6 + b. Calculate the greatest common factor of o and y.
1
Suppose -j + 5*j = -28. Let c(i) = i**2 - 7*i - 8. Let u be c(j). Suppose -6*z + 100 = 4*z. Calculate the highest common divisor of u and z.
10
Suppose z - 51 = 2*l, 46*z + 23*l = 45*z - 374. Let n be (-102)/(-2)*4/6. What is the greatest common factor of z and n?
17
Suppose 5*p = 23 - 8. Suppose -d + 0*d + 16 = p*q, 20 = 5*d. Let f be q/7 + 185/7 + -1. What is the greatest common divisor of f and 39?
13
Suppose -4*q + 4 = -2*d, 2*q = 3*d - 15 + 13. Suppose d*o = 8*o - 294. Let s = 47 - -2. Calculate the highest common divisor of s and o.
49
Suppose 147482 + 196758 = 80*h. Calculate the greatest common factor of 13 and h.
13
Let w = 246 - 178. Suppose 7*s - w = 3*s + 4*o, -5*o = -s + 13. Calculate the highest common divisor of 9 and s.
9
Let w = -38 + 54. Let f = w + -25. Let y = f + 27. Calculate the greatest common divisor of y and 27.
9
Let f = 8010 + -7986. Calculate the highest common factor of 4392 and f.
24
Let t be 4 - (-10)/((-100)/(-70)). Suppose 2*l + 2*v - 18 = 0, 3*l + 5*v = 11 + 24. Suppose 462 = l*b + b. Calculate the highest common divisor of t and b.
11
Suppose 11603*y - 11608*y + 35 = 0. What is the highest common divisor of y and 301?
7
Let u = 94 + -1. Let k = u - 28. Let 